{"id":367,"date":"2025-04-20T04:55:56","date_gmt":"2025-04-20T04:55:56","guid":{"rendered":"https:\/\/toi.metalabco.com\/?post_type=product&#038;p=367"},"modified":"2025-05-18T03:46:19","modified_gmt":"2025-05-18T03:46:19","slug":"brembo-gp4-ms","status":"publish","type":"product","link":"https:\/\/toi.metalabco.com\/index.php\/san-pham\/brembo-gp4-ms\/","title":{"rendered":"Brembo GP4-MS"},"content":{"rendered":"<div class=\"Hero_title__KJMhH Hero_Large__LgOYZ richtext\">\n<div class=\"ck-content\">\n<p>Designed to equip the ultimate generation of powerful road bikes<\/p>\n<\/div>\n<\/div>\n<div class=\"Hero_description___O0ef richtext\">\n<div class=\"ck-content\">\n<p>Available with the 100mm fixing and with the addition of a 108 mm fixing version for Japanese supersport bikes, the caliper ensures unmatched rigidity and safety, delivering exceptional performance and reliability, even at high temperatures.<\/p>\n<\/div>\n<\/div>\n<p>&nbsp;<\/p>\n","protected":false},"excerpt":{"rendered":"<p>S\u1ea3n ph\u1ea9m order n\u01b0\u1edbc ngo\u00e0i c\u1ea7n \u0111\u1eb7t c\u1ecdc tr\u01b0\u1edbc 70% gi\u00e1 tr\u1ecb \u0111\u01a1n h\u00e0ng! Vui l\u00f2ng \u0111\u1ec3 l\u1ea1i s\u1ed1 \u0111i\u1ec7n tho\u1ea1i \u0111\u1ec3 ch\u00fang t\u00f4i li\u00ean l\u1ea1c x\u00e1c nh\u1eadn.<\/p>\n","protected":false},"featured_media":430,"comment_status":"open","ping_status":"closed","template":"","meta":[],"product_brand":[49],"product_cat":[39],"product_tag":[51,50],"class_list":{"0":"post-367","1":"product","2":"type-product","3":"status-publish","4":"has-post-thumbnail","6":"product_brand-brembo","7":"product_cat-chua-phan-loai","8":"product_tag-abs","9":"product_tag-brembo","11":"first","12":"instock","13":"shipping-taxable","14":"product-type-external"},"_links":{"self":[{"href":"https:\/\/toi.metalabco.com\/index.php\/wp-json\/wp\/v2\/product\/367","targetHints":{"allow":["GET"]}}],"collection":[{"href":"https:\/\/toi.metalabco.com\/index.php\/wp-json\/wp\/v2\/product"}],"about":[{"href":"https:\/\/toi.metalabco.com\/index.php\/wp-json\/wp\/v2\/types\/product"}],"replies":[{"embeddable":true,"href":"https:\/\/toi.metalabco.com\/index.php\/wp-json\/wp\/v2\/comments?post=367"}],"wp:featuredmedia":[{"embeddable":true,"href":"https:\/\/toi.metalabco.com\/index.php\/wp-json\/wp\/v2\/media\/430"}],"wp:attachment":[{"href":"https:\/\/toi.metalabco.com\/index.php\/wp-json\/wp\/v2\/media?parent=367"}],"wp:term":[{"taxonomy":"product_brand","embeddable":true,"href":"https:\/\/toi.metalabco.com\/index.php\/wp-json\/wp\/v2\/product_brand?post=367"},{"taxonomy":"product_cat","embeddable":true,"href":"https:\/\/toi.metalabco.com\/index.php\/wp-json\/wp\/v2\/product_cat?post=367"},{"taxonomy":"product_tag","embeddable":true,"href":"https:\/\/toi.metalabco.com\/index.php\/wp-json\/wp\/v2\/product_tag?post=367"}],"curies":[{"name":"wp","href":"https:\/\/api.w.org\/{rel}","templated":true}]}}